979.
11, 8089
List the prime factors of 16616.
2, 31, 67
What are the prime factors of 55870?
2, 5, 37, 151
What are the prime factors of 1718?
2, 859
List the prime factors of 256.
2
List the prime factors of 134.
2, 67
What are the prime factors of 3184?
2, 199
List the prime factors of 7132.
2, 1783
List the prime factors of 1762.
2, 881
List the prime factors of 310.
2, 5, 31
List the prime factors of 4223.
41, 103
List the prime factors of 13841.
13841
List the prime factors of 620.
2, 5, 31
What are the prime factors of 22555?
5, 13, 347
What are the prime factors of 4859?
43, 113
List the prime factors of 7444.
2, 1861
What are the prime factors of 8176?
2, 7, 73
List the prime factors of 131255.
5, 26251
List the prime factors of 479.
479
List the prime factors of 1459.
1459
What are the prime factors of 2545?
5, 509
List the prime factors of 67812.
2, 3, 5651
List the prime factors of 18752.
2, 293
What are the prime factors of 74170?
2, 5, 7417
What are the prime factors of 15402?
2, 3, 17, 151
What are the prime factors of 33512?
2, 59, 71
What are the prime factors of 14515?
5, 2903
What are the prime factors of 10217?
17, 601
What are the prime factors of 79133?
79133
What are the prime factors of 96994?
2, 48497
What are the prime factors of 6751?
43, 157
What are the prime factors of 17469?
3, 647
List the prime factors of 149.
149
What are the prime factors of 108686?
2, 31, 1753
What are the prime factors of 33815?
5, 6763
What are the prime factors of 20709?
3, 13, 59
List the prime factors of 7245.
3, 5, 7, 23
List the prime factors of 737.
11, 67
List the prime factors of 72649.
72649
List the prime factors of 11050.
2, 5, 13, 17
What are the prime factors of 1289?
1289
What are the prime factors of 1731?
3, 577
List the prime factors of 43805.
5, 8761
What are the prime factors of 611?
13, 47
What are the prime factors of 9393?
3, 31, 101
What are the prime factors of 5160?
2, 3, 5, 43
What are the prime factors of 4373?
4373
What are the prime factors of 1888?
2, 59
What are the prime factors of 5492?
2, 1373
What are the prime factors of 23857?
23857
List the prime factors of 9360.
2, 3, 5, 13
List the prime factors of 4232.
2, 23
List the prime factors of 3524.
2, 881
List the prime factors of 25960.
2, 5, 11, 59
What are the prime factors of 16432?
2, 13, 79
What are the prime factors of 1172?
2, 293
List the prime factors of 4535.
5, 907
List the prime factors of 25715.
5, 37, 139
What are the prime factors of 9640?
2, 5, 241
List the prime factors of 94949.
94949
List the prime factors of 25270.
2, 5, 7, 19
What are the prime factors of 74123?
7, 10589
List the prime factors of 3538.
2, 29, 61
What are the prime factors of 2296?
2, 7, 41
List the prime factors of 15579.
3, 577
What are the prime factors of 13844?
2, 3461
What are the prime factors of 1155?
3, 5, 7, 11
What are the prime factors of 940?
2, 5, 47
List the prime factors of 11491.
11491
What are the prime factors of 865?
5, 173
List the prime factors of 14569.
17, 857
What are the prime factors of 627?
3, 11, 19
List the prime factors of 67187.
67187
What are the prime factors of 579?
3, 193
What are the prime factors of 708?
2, 3, 59
List the prime factors of 2443.
7, 349
List the prime factors of 382.
2, 191
What are the prime factors of 10788?
2, 3, 29, 31
List the prime factors of 1029.
3, 7
List the prime factors of 3281.
17, 193
What are the prime factors of 10474?
2, 5237
What are the prime factors of 3319?
3319
List the prime factors of 36141.
3, 7, 1721
List the prime factors of 245.
5, 7
What are the prime factors of 9833?
9833
What are the prime factors of 658?
2, 7, 47
What are the prime factors of 65264?
2, 4079
What are the prime factors of 5610?
2, 3, 5, 11, 17
What are the prime factors of 57536?
2, 29, 31
What are the prime factors of 4272?
2, 3, 89
List the prime factors of 2052.
2, 3, 19
List the prime factors of 99339.
3, 33113
What are the prime factors of 819?
3, 7, 13
List the prime factors of 11216.
2, 701
What are the prime factors of 38871?
3, 7, 617
What are the prime factors of 5526?
2, 3, 307
What are the prime factors of 30933?
3, 7, 491
List the prime factors of 31864.
2, 7, 569
List the prime factors of 622.
2, 311
What are the prime factors of 978?
2, 3, 163
What are the prime factors of 5791?
5791
What are the prime factors of 67?
67
What are the prime factors of 9994?
2, 19, 263
List the prime factors of 85883.
7, 12269
List the prime factors of 133854.
2, 3, 7, 3187
List the prime factors of 44255.
5, 53, 167
List the prime factors of 4911.
3, 1637
List the prime factors of 697.
17, 41
What are the prime factors of 34486?
2, 43, 401
List the prime factors of 568.
2, 71
List the prime factors of 1108.
2, 277
What are the prime factors of 4148?
2, 17, 61
What are the prime factors of 10714?
2, 11, 487
What are the prime factors of 13825?
5, 7, 79
What are the prime factors of 21530?
2, 5, 2153
List the prime factors of 554.
2, 277
What are the prime factors of 409?
409
List the prime factors of 885.
3, 5, 59
What are the prime factors of 9853?
59, 167
List the prime factors of 62894.
2, 13, 41, 59
List the prime factors of 7625.
5, 61
What are the prime factors of 2438?
2, 23, 53
What are the prime factors of 13883?
13883
What are the prime factors of 586?
2, 293
What are the prime factors of 2991?
3, 997
What are the prime factors of 14200?
2, 5, 71
What are the prime factors of 77752?
2, 9719
List the prime factors of 32622.
2, 3, 5437
What are the prime factors of 3588?
2, 3, 13, 23
List the prime factors of 5451.
3, 23, 79
List the prime factors of 2141.
2141
What are the prime factors of 9115?
5, 1823
List the prime factors of 61164.
2, 3, 1699
List the prime factors of 1302.
2, 3, 7, 31
List the prime factors of 391.
17, 23
List the prime factors of 10635.
3, 5, 709
List the prime factors of 317.
317
What are the prime factors of 639?
3, 71
List the prime factors of 2476.
2, 619
List the prime factors of 8482.
2, 4241
What are the prime factors of 1212?
2, 3, 101
List the prime factors of 34342.
2, 7, 11, 223
What are the prime factors of 1320?
2, 3, 5, 11
What are the prime factors of 630?
2, 3, 5, 7
What are the prime factors of 1568?
2, 7
What are the prime factors of 43762?
2, 21881
List the prime factors of 29875.
5, 239
What are the prime factors of 25927?
11, 2357
List the prime factors of 26902.
2, 13451
List the prime factors of 2725.
5, 109
List the prime factors of 931.
7, 19
List the prime factors of 32043.
3, 11, 971
What are the prime factors of 1731?
3, 577
What are the prime factors of 15381?
3, 1709
List the prime factors of 1015.
5, 7, 29
What are the prime factors of 10655?
5, 2131
What are the prime factors of 10894?
2, 13, 419
What are the prime factors of 594?
2, 3, 11
What are the prime factors of 15303?
3, 5101
What are the prime factors of 27693?
3, 17, 181
What are the prime factors of 69911?
69911
What are the prime factors of 35524?
2, 83, 107
List the prime factors of 827.
827
What are the prime factors of 51691?
51691
List the prime factors of 7258.
2, 19, 191
What are the prime factors of 3797?
3797
List the prime factors of 45958.
2, 11, 2089
List the prime factors of 28149.
3, 11, 853
List the prime factors of 1436.
2, 359
What are the prime factors of 799?
17, 47
List the prime factors of 5015.
5, 17, 59
What are the prime factors of 2314?
2, 13, 89
List the prime factors of 5818.
2, 2909
List the prime factors of 15310.
2, 5, 1531
What are the prime factors of 20110?
2, 5, 2011
What are the prime factors of 3481?
59
List the prime factors of 42642.
2, 3, 23, 103
What are the prime factors of 56944?
2, 3559
What are the prime factors of 3677?
3677
List the prime factors of 25156.
2, 19, 331
What are the prime factors of 6590?
2, 5, 659
List the prime factors of 8024.
2, 17, 59
What are the prime factors of 1095?
3, 5, 73
What are the prime factors of 68602?
2, 34301
What are the prime factors of 61250?
2, 5, 7
List the prime factors of 30742.
2, 19, 809
List the prime factors of 2811.
3, 937
What are the prime factors of 50564?
2, 12641
List the prime factors of 1830.
2, 3, 5, 61
What are the prime factors of 14?
2, 7
What are the prime factors of 12975?
3, 5, 173
What are the